 z. What is the units digit of n?
6
Let i(m) = -m**3 - 10*m**2 - 9*m + 2. Suppose -4*v = -3 + 39. Let g be i(v). Suppose 0 = -j + 2*j - g. What is the units digit of j?
2
Suppose 3*v = -1 + 4. What is the units digit of 29 - (2/v - 2)?
9
Let t = -104 - -171. What is the tens digit of t?
6
Let d = -232 - -576. What is the units digit of d?
4
Suppose -4*i - i = -5*s - 15, -4*i + s + 21 = 0. Let x = i - -4. What is the tens digit of x?
1
Let a(d) = 4*d + 7. What is the tens digit of a(5)?
2
Let p(l) = -l + 10. Suppose 5*g + 5*w = -35, 0 = -4*g - 2*w - 42 + 12. What is the units digit of p(g)?
8
Let m = 1 - -3. Let n(j) = 10*j. Let x be n(6). Suppose -5*y + q + 1 = -74, -4*y + x = m*q. What is the tens digit of y?
1
Let l = -45 - -32. What is the units digit of 5/(10/(-4))*l?
6
Suppose 76 = -3*t - t. Let r = -10 - t. What is the units digit of r?
9
Suppose -2*k - z + 2*z = -8, 4*k = -5*z + 2. Let p = 14 - k. What is the tens digit of p?
1
Let x(w) = -4 + 0 + 2 - 1 - 6*w. What is the units digit of x(-5)?
7
Let l = -18 - -31. Let c = 16 - l. What is the units digit of c?
3
Suppose 2*q = -q - 12. Let j be (102/24)/((-1)/q). Suppose -3*a + j = -25. What is the tens digit of a?
1
Let a(c) be the first derivative of -c**4/4 - c**3 - 3*c**2/2 - 5*c + 2. What is the units digit of a(-4)?
3
Let x(k) = -k - 7. Let o be 3/6 + 38/(-4). What is the units digit of x(o)?
2
Suppose -5*d + b = 2 + 15, b - 1 = d. Let j(z) = 36*z + 51. Let a(i) = -7*i - 10. Let p(c) = 21*a(c) + 4*j(c). What is the units digit of p(d)?
6
Suppose 5*r = -13 + 3, 27 = -v - 4*r. What is the units digit of 8/28 - v/7?
3
Let i(n) be the first derivative of n**3/3 + n**2/2 + 4*n - 3. Let b be i(0). Suppose -4*w + b*y + 50 = 2*y, -w = 5*y + 4. What is the tens digit of w?
1
Let j be -38*1/2*-1. Let s = j - 14. What is the units digit of s?
5
Let x(m) = -m**3 - 3*m**2 + 3*m - 3. Suppose i + 16 = -3*u, -i + 10 + 14 = -5*u. Let z be x(u). Let k = z - 23. What is the units digit of k?
9
Let i(n) = n**3 + 6*n**2 - n - 5. Let s be -1*(1 - 0) + -5. What is the units digit of i(s)?
1
Let d(i) = -i**3 - 12*i**2 - 11*i + 5. Let u(v) = -2*v**3 - 24*v**2 - 23*v + 9. Let l(z) = -5*d(z) + 2*u(z). What is the units digit of l(-11)?
5
Let g(u) = -2*u - 4. Let r be g(-4). Suppose -r*c - 5*n + 7 + 17 = 0, -2*n + 6 = c. What is the units digit of c?
6
Suppose 15 = -3*l, -5*m - l = -3 - 2. Let v(x) = 8*x**2 + 3*x - 2. What is the tens digit of v(m)?
3
Suppose 5*r + 2*w - 367 = 0, -3*r - 2*w - w = -213. What is the tens digit of r?
7
What is the units digit of (-16)/88 - (-222)/11?
0
Let a(v) = v**3 + 6*v**2 - 2*v - 4. What is the tens digit of a(-5)?
3
What is the units digit of (2*5 + 1)/(2/8)?
4
Suppose 5*w - 155 = -a, -3*w - 4*a = -0*w - 76. What is the tens digit of w?
3
Let n be (-15)/12*(0 + -4). Suppose -1 - 3 = 4*j, n = -2*i + 3*j. What is the units digit of (-2)/i - 3/(-6)?
1
Let f(c) be the second derivative of -c**4/12 - 4*c**3/3 - 3*c**2 - c. Let o(q) = q**2 - 4*q - 1. Let g be o(2). What is the units digit of f(g)?
9
Let b(n) = -n. Let t be b(0). Suppose t = -i + 6*i - 35. Let a(q) = q - 3. What is the units digit of a(i)?
4
Suppose 2*h - 147 = -o, -5*h + 5*o + 520 = 160. What is the units digit of h?
3
What is the units digit of (-987)/(-7) - (-6)/(-2)?
8
Let m = 50 + -36. What is the units digit of m?
4
Let a = 10 - 4. Let f(u) = u - 3. Let z be f(a). Suppose z*o + 5*w - w = 26, 27 = 3*o + 3*w. What is the tens digit of o?
1
What is the units digit of -1 + (8 - 4) + 78?
1
Suppose -4*g + h + 224 = 5*h, -3*g + 203 = -4*h. Suppose 4*m = -5 + g. What is the units digit of m?
4
Suppose 4*z - 2*z = -f - 49, 0 = -z - 5*f - 47. Let t = z + 31. Let b = t + -7. What is the units digit of b?
2
Suppose 0 = q - 5, -2*d + 5*q = 3*q + 18. What is the units digit of (11/d)/(4/(-16))?
1
Let i = -1 + 12. Suppose -31 = 2*m - i. What is the units digit of ((-1)/2)/(5/m)?
1
Suppose 8*m - 1 = 23. What is the units digit of m?
3
What is the units digit of ((-117)/18)/((-1)/2)?
3
Let l(t) = -7*t - 1. Let m be l(-2). Let u = -10 + m. Suppose 0 = u*k - 2*k - 12. What is the units digit of k?
2
Suppose 4*d + 2*n - 33 = -7, 5*n = -4*d + 17. What is the units digit of d?
8
Let d(k) = 3*k**2 - 1. Let a be d(1). Suppose -23 = -a*o - 3. What is the units digit of o?
0
Let t(s) = 34*s**2 + 6*s + 6. What is the hundreds digit of t(-2)?
1
Suppose 1 = -3*v - 5, 5*s - 8 = -v. What is the units digit of (3 - (2 + -5)) + s?
8
Let a = -420 + 653. What is the tens digit of a?
3
Suppose 2*r = 57 + 13. What is the tens digit of r?
3
Suppose 22 = -5*w - 4*j, 0 = -4*w + j - 5. What is the units digit of (w/3)/((-4)/114)?
9
Suppose 3*v - 4 = -n, 4*v + 14 - 2 = 3*n. Suppose 5*u - 30 = -v*u. What is the units digit of u?
6
Let r = -8 + 24. Suppose -2*m - 4*v = -r, -5*v - 35 = -m - 6. Suppose -4*a + 6*a - m = 0. What is the units digit of a?
7
Let n = -134 + 270. What is the units digit of n?
6
Let v(r) = 39*r**2 - 2*r - 2. Let y be v(2). Suppose 0 = -3*j + y + 12. What is the units digit of j?
4
Suppose n + 4*j = 25, -j = -0*n - n. What is the units digit of n?
5
Suppose 1 + 3 = o. Let q = o + 0. Suppose 0 = q*y + y - 45. What is the units digit of y?
9
What is the units digit of (-1 - 1)/(4/(-34))?
7
What is the tens digit of (-6)/10 - 4288/(-80)?
5
Let i be 1/(6/(-8))*-3. Suppose i*q = q - 45. What is the units digit of 1 + (-2 - q - -2)?
6
Let o(u) = u**2 + 392. What is the hundreds digit of o(0)?
3
Let x be 3*6/9 + -2. Suppose -5*y - 10 = -x*y. What is the units digit of (-2)/(y + (-14)/(-8))?
8
Let u(d) = 6*d - 1. Let w(r) = 3*r**2 + 2*r + 1. Let h be w(-1). What is the units digit of u(h)?
1
Let b = -46 - -83. What is the units digit of b?
7
Let g be 108/10 + 1/5. Suppose j - 5*o = -g, 0 = o - 5 + 3. What is the units digit of 5/3 - j/3?
2
Let a be (-10)/(-15) - 25/(-3). Let s = a + -3. What is the units digit of s?
6
Suppose -3*v + 156 = 3*j, 5*j + v - 260 = -0*v. Suppose -4*n + 0*n = 3*q - 73, 3*n = -5*q + j. What is the tens digit of n?
1
Let s be -2 - (-25 + 0/3). Suppose -2*c + 7 + s = 0. What is the tens digit of c?
1
Let v(r) = -2*r - 2*r + r**2 - 3 + 2*r + 0. Let s be v(4). Let j = 8 - s. What is the units digit of j?
3
Let s(g) = 3*g - 2. Let c be s(2). Suppose c*k = 3*k + 4. Let o(w) = -w**3 + 4*w**2 + 2*w - 3. What is the units digit of o(k)?
5
Let j(h) = -h**2 + 27*h - 25. What is the units digit of j(20)?
5
Suppose -6*m + 20 = -m. Let t(q) = q**2 - 3*q + 2. Let c be t(m). Suppose -5*l + 4 + c = 0. What is the units digit of l?
2
Let g = -6 + 33. Let w = 40 - g. What is the tens digit of w?
1
Let p(s) = 7*s - 1. Let b be p(2). What is the units digit of 2 + 0 + 1*b?
5
Suppose 4*z + 419 = 3*p - z, 135 = p - 4*z. What is the units digit of p?
3
Let n(p) be the third derivative of -p**5/60 - 3*p**4/8 - p**3/3 + 2*p**2. Let r be n(-7). Suppose r = 5*x - 13. What is the units digit of x?
5
Let u(g) = -g**2 + 6*g + 8. Let o be u(7). Let w(i) = 6*i - 1. Let y be w(o). Suppose -4*r + 35 = 4*d - y, 10 = -d + 4*r. What is the units digit of d?
6
Let i(d) = 9*d. Let r be i(2). Suppose -8 = -z + r. Let j = z - 17. What is the units digit of j?
9
Suppose -3*q = q + 3*i - 32, -3*q + 27 = 3*i. Suppose -2*v - 114 = -q*v. What is the units digit of v?
8
Suppose 0 = -2*d - s + 565, -3*s = -5*d + 1403 - 18. What is the tens digit of d?
8
Suppose -5*a + 5*q + 11 = 96, 3*a + 3*q + 57 = 0. Let g = 30 + a. Let p = -7 + g. What is the units digit of p?
5
Suppose -r + 5*u = 6 + 8, 2 = 2*u. Let y = r - -14. What is the units digit of 10 + 5/(y/(-2))?
8
Let t = -48 - -101. What is the tens digit of t?
5
Suppose 3 = 2*h - 1. Suppose -4*p + 70 = 5*r, -h*r + 5 + 10 = -p. What is the units digit of r?
0
Suppose 0 = -5*c - 50 + 150. Let a = c + -1. What is the tens digit of a?
1
Let r(h) = -h**2 + 11*h - 12. Let i be r(9). Let m be 2/3 - (-32)/i. What is the units digit of (-7)/(-3) - 2/m?
2
Suppose 2 = -j, s + 2*s - 200 = -5*j. What is the units digit of s?
0
Let z(h) = h - 1. Let n(r) = -12*r + 15. Let u(f) = -2*n(f) - 30*z(f). What is the units digit of u(-2)?
2
Suppose 4*g - 404 = 2*n, 3*n - 2*n = -4*g + 416. What is the tens digit of g?
0
Let b(c) be the first derivative of c**3/3 + 9*c**2/2 + 4*c + 1. Let s be b(-9). What is the units digit of (